 (-1 + -149)/(1 - k/4).
2, 5
Let i = 1296 - 918. What are the prime factors of (1 - -4)*i/5?
2, 3, 7
Let t(n) = -n**3 + 4*n**2 + 17*n - 4. Let r(i) = 7*i + 1. Let a be r(-1). List the prime factors of t(a).
2, 127
Suppose 2*p = 20773 + 1653. Suppose -p = -32*v + 5747. List the prime factors of v.
2, 5, 53
Suppose 0*x + 18 = -w - 2*x, 3*w - 2*x + 54 = 0. Let b be (-1 - -6)*(5 + -7 - w). Let q = 118 - b. List the prime factors of q.
2, 19
Let k = -124 + 73. Suppose -4*z + 3*m = -z - 180, -4*z - m = -215. Let p = z - k. What are the prime factors of p?
2, 53
Let g(v) = v**3 + 9*v**2 - 62*v - 512. Let n be g(-7). Let f be 0/(-1) - -32 - 2. Let r = f + n. List the prime factors of r.
2, 5
Let a(k) = -4*k + 615. What are the prime factors of a(68)?
7
Suppose 32368 = 4*b - 2*a, -57*a + 56*a + 24291 = 3*b. List the prime factors of b.
5, 1619
Suppose -8 = -2*j + 4*g, 4*j = 5*g + 2 + 11. Suppose b = 2*c + 12, 10 - 40 = 5*c + j*b. Let i = 9 + c. List the prime factors of i.
3
Let k be (-11 + (18 - 7))/(4/(-2)). Suppose -13*x + 18801 + 7394 = k. What are the prime factors of x?
5, 13, 31
Let t(d) = -31*d + 29. Let u be t(-13). Suppose u = 32*l - 16*l. What are the prime factors of l?
3
What are the prime factors of 16610/1 + 278 + -261?
13, 1279
Suppose 0 = -q + 5, -6*c + 2*q = -3*c + 178. Let f = -16 + 75. Let g = c + f. What are the prime factors of g?
3
Suppose 0 = -69*c + 172*c - 4937820. List the prime factors of c.
2, 3, 5, 17, 47
Let k = -458 - -463. Suppose -5*p + 1981 = 2*i, -491 + 4428 = 4*i + k*p. What are the prime factors of i?
2, 3, 163
Suppose 185629 + 246311 = 34*x - 11*x. What are the prime factors of x?
2, 3, 5, 313
Suppose 225 = -9*w + 4*w. Let j be -5*3*12/w. Suppose -115 = -j*f + 21. List the prime factors of f.
2, 17
Let v be (3 - -4) + (-9 - -4). Suppose -v*m - 5*m + 1015 = 0. List the prime factors of m.
5, 29
Let l be 1/3*(160 - -2). List the prime factors of 4/6 + 8010/l.
149
Let n(z) = -3968*z - 3278. What are the prime factors of n(-5)?
2, 7, 13
What are the prime factors of (-601131)/(-51) + 17 + 2/17?
2, 13, 227
Let i(q) = 29*q**2 - 17*q - 37. Suppose -3*k + 5*m - 1 = 0, -13 = 5*k - 0*k + 3*m. List the prime factors of i(k).
113
Suppose -2*j - 269*x + 271*x + 9858 = 0, 5*j + x = 24681. What are the prime factors of j?
3, 5, 7, 47
Suppose 296*s - 101*s - 6974760 = 0. List the prime factors of s.
2, 17, 263
What are the prime factors of ((-2)/(-8) - 289281/(-108)) + 8/36?
3, 19, 47
Let b be 9925/10 - 3/6. Suppose -b = -5*n - f, -2*f + 360 = 5*n - 634. What are the prime factors of n?
2, 3, 11
Suppose -5*z = -t - 11, 2*z + t + 2*t = 18. Let a(i) = 4*i - 3. Let b be a(z). Let q = b - -8. What are the prime factors of q?
17
Suppose -52*v + 749969 = -33775. List the prime factors of v.
2, 3, 157
Let x(s) = s**2 - 6*s + 7. Suppose 3*n - h = 17, 5*n - n + 2*h - 26 = 0. Let t be x(n). Suppose -t*k + 517 = 4*k. List the prime factors of k.
47
Suppose d - 2*n = n - 4, -d - 2*n = -16. List the prime factors of (4672/d)/(1/2).
2, 73
Let p be (36 - -4) + 5 - -1. Let g = p - 54. Let d = g - -11. What are the prime factors of d?
3
Let z(w) = -59*w - 9. Let x be z(3). Let m(d) = 4*d**3 - 2*d**2 - 5*d + 17. Let i be m(5). Let c = x + i. List the prime factors of c.
2
Let i(h) = h**3 + 17*h**2 - 26*h. Let m(k) = k**3. Let r(p) = i(p) - 2*m(p). What are the prime factors of r(14)?
2, 7
Suppose 5*d = 12 - 2. Let z(k) = -15*k**3 - 6*k**2 + 8*k - 3. Let j be z(d). Let p = -109 - j. What are the prime factors of p?
2, 11
Let o(f) = 1006*f - 64. List the prime factors of o(5).
2, 13, 191
Let f(h) = -2*h**2 + 22*h + 125. Let g be f(32). Let m = 1838 + g. What are the prime factors of m?
619
Let d be ((-30)/9)/(6/(-27)). Let b = d - 275. Let v = -174 - b. What are the prime factors of v?
2, 43
Let r be 2/9 - (2 + (-418)/(-18)). Let h = 28 + r. Suppose w - 5*u + 43 = 3*w, h*w = -5*u + 72. List the prime factors of w.
29
Suppose -27*o - x = -25*o - 2458, -5*x = 4*o - 4892. List the prime factors of o.
3, 137
Suppose 3*w - 5*d - 153 = 0, -4*w - 121*d + 123*d = -204. Let s be (-2 - -9) + 1 - 2. Let p = w - s. What are the prime factors of p?
3, 5
Let q(o) = -35*o - 5. Suppose 0*r - 3 = -2*r - f, 5*r - 2*f - 30 = 0. Suppose r*z + 10 = -z. List the prime factors of q(z).
5, 13
What are the prime factors of (-656)/12*12906/144*-2?
41, 239
Let c = -913 - -1068. List the prime factors of c/(-4)*264/(-6).
5, 11, 31
Let f(l) = 2*l + 50. Suppose -3*h - 361 + 37 = 0. Let k be ((-32)/10)/(h/(-15) - 7). What are the prime factors of f(k)?
2, 3
Let p(j) = -j**3 - 45*j**2 + 60*j - 979. What are the prime factors of p(-53)?
18313
Let h(x) = 7192*x**2 - 92*x - 189. List the prime factors of h(-2).
7, 587
Let w(g) = -166*g + 59. Let c(v) = 83*v - 28. Let b(t) = 9*c(t) + 4*w(t). What are the prime factors of b(3)?
233
Let i = 135 - 130. Let o be (i/(-2))/(40/(-96)). Suppose -3*m = o*y - 4*y - 239, -2*y + 81 = m. What are the prime factors of m?
79
Let x(q) = -q**3 + 3*q + 2. Let r = -124 - -115. List the prime factors of x(r).
2, 11
Let x(p) = 17*p - 42. Let n be x(0). What are the prime factors of (((-918)/21)/(-3))/(n/(-196))?
2, 17
Suppose -2*n = 2*w - 4, -6 = 4*n - 2*w - 14. Suppose -3*r + 3*x = -1194, n*r + r - 1215 = -4*x. List the prime factors of r.
401
Suppose 0*s + 113 = s. Let v be (((-6)/(-30))/(2/60))/(6/75). Let o = s + v. List the prime factors of o.
2, 47
Let u(i) = 91*i**3 - 12*i**2 - 64*i - 1. List the prime factors of u(5).
2, 19, 283
Suppose -3*w + 4*v + 63852 = 0, 7*w - 8*w + 4*v = -21300. What are the prime factors of w?
2, 3, 197
Let s(v) = 19*v - 36 + 11 - 20. Let r(k) = k**2 + k + 6. Let w be r(0). List the prime factors of s(w).
3, 23
Let j(r) = -r**2 + 7*r + 2. Let o be j(7). Suppose 5 = g + o. Suppose -3*m + 2*m = -5*v - 59, 0 = -5*m - g*v + 211. List the prime factors of m.
2, 11
Let j be 2/(4/96*3). Let k(i) = i**3 - 16*i**2 + i + 49. List the prime factors of k(j).
5, 13
Let f(n) = 186*n**2 + 21*n + 25. What are the prime factors of f(-3)?
2, 409
Suppose -9*g = -13*g + 68. Let r = g - -17. List the prime factors of r.
2, 17
Suppose 16*q + 9 = 73. Suppose 3*i - 1451 = -4*o, 0 = -q*i + o + 1806 + 116. What are the prime factors of i?
13, 37
Let q be 1/3 + (-2764)/(-6) + -1. Let t be (3 - 3)/(-6 + 4). Suppose 10*a - 760 - q = t. List the prime factors of a.
2, 61
Let h be 78/16 - 10*11/(-880). Suppose 0 = -4*u - 17 - 7. What are the prime factors of 587/h - ((-96)/(-15) + u)?
3, 13
Let z be (-5 - -8) + 15/(-5) - -605. Suppose 6*y = z + 805. List the prime factors of y.
5, 47
Let t(u) = u**3 - 3*u**2 - 12*u + 2. Let a(o) be the first derivative of -o**3/3 - 8*o**2 + 42*o + 28. Let i be a(-18). List the prime factors of t(i).
2, 19
Suppose -2*u - 13 = -5*n + 20, u + 4 = 0. Suppose 10 = -2*d - 3*b, 2 = d + 2*b + 3*b. List the prime factors of n/((-20)/d) - -36.
2, 19
Suppose 5*t - 779 = -4*z, 7*t - 815 = 2*t + 5*z. Let o = -5161 - -5065. Let g = t + o. What are the prime factors of g?
3, 7
Suppose -3*u + 105 = 60. Suppose -1976 + 551 = -u*z. List the prime factors of z.
5, 19
Suppose 0 = 18*m - 1991 + 5231. Let g = 494 + m. What are the prime factors of g?
2, 157
Let r be 4/6 + 6*24/(-54). What are the prime factors of (r + -3)*(-12)/(-15) + 80?
2, 19
Let o(b) = -2278*b**3 + 10*b + 10. What are the prime factors of o(-1)?
2, 17, 67
Suppose -5*a = -15*i + 11*i + 19551, -i + a + 4886 = 0. List the prime factors of i.
7, 17, 41
Let z = -10411 + 18631. What are the prime factors of z?
2, 3, 5, 137
Suppose -1800 = -4*t + 4*p, 6*p - 2*p = 12. What are the prime factors of t?
3, 151
Let a(q) = -2*q**3 - 12*q**2 + 18*q + 33. Let v be a(-9). Let o = 456 + v. What are the prime factors of o?
3, 271
Let v(h) = -15*h**2 - 12 + 34*h + 14*h**2 - 80*h. What are the prime factors of v(-21)?
3, 19
Let j be (-5 - -6)/(3/15). Suppose 5*t + 2*h = 4*h + 415, j*t - 5*h - 415 = 0. What are the prime factors of t?
83
Let r(f) = -2*f**2 + 14*f + 3. Let g be r(7). Let c be (0 + g)/(15/25). Suppose -5*h = t - 5, -h + 0*h + 97 = c*t. What are the prime factors of t?
2, 5
Let a(l) = -269*l - 281. Let r be a(4). What are the prime factors of 3 + (4 - 7/1) - r?
23, 59
Let z(d) = d**3 - 9*d**2 - 8*d + 4. Let n be 28/35 - 372/(-10). Let q = n - 28. List the prime factors of 